the value of (-4 - -4 - 7) + (-4 - 0) - (1 - -13)?
-25
Evaluate (130 - 122) + -16 + -2 + 3 + -1 + -19.
-27
What is the value of (37 - 2) + ((-15 - -2) + -12 - -9)?
19
13 - (16 + -41 + 40 + 101)
-103
What is 0 + (-18 - 0) - (42 + -120 + 39 - -37)?
-16
Calculate -32 + (-10 + 19 - 5) + 39.
11
Calculate 13 - -78 - (33 + 9).
49
What is -18 + (3 - (-21 + 8)) - -6?
4
What is 124 - (-6 + (79 + -18 - 18))?
87
What is the value of -39 + -4 + 40 - (0 + (-7 + 4 - -6))?
-6
Evaluate -147 + (1399 + -1400 - (-44 + 1)).
-105
-198 + 162 + (-6 - ((11 - (7 + -6)) + -7))
-45
Calculate 1 - (3 + -15) - (-354 + 170 - -200).
-3
Calculate 6 + (-9 - (-1 - 9 - (-39 - 17))).
-49
Evaluate 367 + -365 + (0 + 2 - -7) + -33.
-22
Evaluate (-4 - (-5 + 12 + -5)) + -84 + 42 - 1.
-49
What is -12 - (-6 + -77 - (-61 - -55))?
65
Evaluate 66 - (-12 + 16) - 57.
5
1295 + -1254 - (0 - ((0 + 3 - 9) + 3))
38
-95 + (-146 + 251 - -135)
145
What is the value of 1 + 34 + 2 + (-185 - -75) + 106?
33
Calculate (-5385 - -5431) + (-2 - 150).
-106
What is the value of -20 + 2 + 20 + (7 - 46)?
-37
What is the value of (-25 - (-78 + -26) - -5) + -3?
81
What is 3576 + -3576 + (1 - (0 + 33))?
-32
Evaluate -10 + 4 + -5 - (-57 + -1 + 19).
28
What is 84 - 82 - 44 - 22?
-64
Evaluate 93 + (2 - 11 - -4) + (-18 - -4).
74
What is 26 + -8 + 16 + -21 + -7?
6
What is the value of 123 - ((-188 - -115) + 61)?
135
Calculate (-3 + (6 - 21) - (65 - 102)) + -11.
8
-21 - (-71 + 30 - -76)
-56
Evaluate (-93 + -2 - -56) + 46.
7
0 + 2 + 142 + (-32 - 7)
105
Calculate -8 + 1 - (-4049 + 4045).
-3
What is 16 + (12 - (17 + 9)) + -7?
-5
What is 21 + -111 - -7 - (22 + -30)?
-75
What is the value of -50 + -13 + (12 - 10) + 1 + 0?
-60
What is the value of 13 + (54 - 5) - 3?
59
Evaluate 21 + (1 - 107) + (195 - 168).
-58
Calculate (70 - 19 - 26 - -65) + -21 + 3.
72
Evaluate 7 + 2 + 4 + -7 + (12 - (3 - -71)).
-56
What is (1 + 13 - ((3 - -14) + -44)) + -5?
36
What is (1 + 5 - (15 + -21)) + (11 - (-13 - -12))?
24
Evaluate 11 + 13 - (16 + 7 - 43).
44
What is the value of (-8 - -1) + -10 - 18?
-35
Calculate 43 - (-2 - (-26 + -39)) - (-11 - -2).
-11
What is the value of 15 + -15 - (142 - (-1 + -1 + 16))?
-128
-11 + (-1 + -11 - ((-97 - -43) + 0 + -13))
44
1 + -31 - 0 - (27 + -33 + 14 - 19)
-19
-28 - 2 - 1 - (1 + (76 - 67))
-41
5 + (0 - 3) + -1 + 6 + -31 + -20
-44
Evaluate -4 + 2 - -9 - (16 - (12 + 14 + -21)).
-4
What is the value of -2 + 56 - (10554 - 10534)?
34
Calculate (1 + 4 - -11) + 45 + 36 + -23.
74
Evaluate 20 + 2 + -1 + (3413 - 3394).
40
What is (-29 - (111 - 30)) + 117?
7
What is 2 - 123 - (239 + -271)?
-89
Evaluate (-22 - -5) + (-11 - 5 - -28) + -1 + 19.
13
What is 21 + (14 + 5 - 34) + 64?
70
What is the value of 2 + (-2 - 25) - (-44 + (35 - -46) + -32)?
-30
Evaluate -11 + -22 + 54 + (-2 - -13).
32
Evaluate -104 + (11 - (30 - 82)).
-41
4218 - 4178 - ((-12 - -1) + -2)
53
Calculate (-61 - (-80 + 31)) + 59.
47
What is the value of 11 - ((-11 - -39) + -17 - (10 - 1)) - 8?
1
What is (3 + 30 - 46) + 65?
52
What is the value of 6 + -17 - (12 + -42 - -24)?
-5
Evaluate (-29 + 18 - 7) + 7 + -59 + -5.
-75
What is 3 + (31 - (-22 - -15))?
41
What is the value of -32 - (-144 - (-4 + (23 - 44)))?
87
Evaluate -967 + 1015 + -65 + 4.
-13
What is (-115 - (59 - 101)) + 156?
83
146 - -120 - 142 - (-3 + 44)
83
Calculate (69 - 127) + 87 + (1 - -16).
46
What is the value of -9 + -23 + 23 + -17 - (2 - -4)?
-32
What is the value of (43 + 61 - -9 - (14 + 0)) + (-14 - -9)?
94
Evaluate 27 + 12 + -60 - (-3 + -2).
-16
What is 63 - -7 - (-3 + 1 - (53 + -45))?
80
(12 + -12 - (13 + -17)) + 52
56
Evaluate 0 - 9 - (-47 + 4 + -7 + (237 - 244)).
48
What is the value of 30 + -2 - (50 - (58 + -60))?
-24
Evaluate (85 - (5 - 1)) + 400 + -431 + 32 + -2.
80
What is the value of 5 - ((52 - 54) + -67)?
74
What is the value of (1 - 0) + (-483 - -486) - 46?
-42
Calculate 64 - (9 - (6 - -11 - 8 - 5)) - -8.
67
What is -1552 + 1469 - (-98 + 4)?
11
What is the value of -123 + (40 - -42 - 14) - ((2 - 0) + -2)?
-55
Evaluate (-22 - 43) + 206 - 38.
103
What is the value of (74 + -254 - -43) + 223?
86
Evaluate 56 + -57 - (-2 + (-2 - 40) + 0).
43
-266 - -261 - (-77 - 1) - (2 + 12)
59
Evaluate (-67 - -23) + (-8 - -37) + (-74 - 3).
-92
-4 + -3 + 22 + -9 + -24 + 5 - -67
54
Evaluate (0 + 2 - -4 - (173 - 145)) + 50.
28
What is 12 - (-61 - (7 + -8) - (-63 - -82))?
91
46 + -34 + -12 + (10 - 3 - 4)
3
What is (-34 + (-10 - -27) - (0 - 10)) + -29?
-36
What is the value of 19 - (5 - (6 + 12 + -66))?
-34
What is the value of 340 + -347 + (-15 - -1) - (-51 - -6)?
24
Evaluate 14 - (25 - -20) - -51.
20
-46 - (29 + 44 + -102) - (7 + -2)
-22
What is (-4 - 27) + (-31 - -31 - 22)?
-53
What is the value of -1 + 4 - (6365 - 6303)?
-59
Evaluate 82 - ((123 - -58) + -116).
17
What is the value of (-91 - (-6 + -113)) + 15?
43
What is the value of (-97 - -91) + (21 - 18 - (-59 - 1))?
57
What is the value of (-19 + 24 - -6) + -100 + 62?
-27
What is the value of 9 + -4 + -12 - 13 - -17 - (0 + 41)?
-44
Calculate 8371 + -8513 - (-2 + -27).
-113
What is -113 + 80 - (-4 + -8 + -7 - -12)?
-26
Evaluate -6 + (-6 - -12) + 1 + 1 + 9 - 15.
-4
What is the value of (155 + -128 - -11) + (1 - 42)?
-3
Evaluate -61 - (-48 + -59 + 38).
8
Calculate (0 - -48) + (22 - (-22 + 50)).
42
What is the value of 4 + -13 - (-28 + 28) - (-14 + -30)?
35
Calculate -54 + (-116 - -40) + 51 + 10 + -1 + 15.
-55
Calculate (274 - 258) + (0 - 6) + 20 + -4.
26
What is (1 - (1 + 1)) + -31 + 68 + -50?
-14
24 + (10 + -7 - 32)
-5
Evaluate -3 + (-11 - ((-9 - -3) + -27 + 8)).
11
Evaluate -34 - (30 - -25 - 36).
-53
Evaluate 15 + -5 - 2 - ((3 - -2) + (15 - -7)).
-19
What is 11 - ((11 - 18) + 8 - -3) - -3?
10
-4 - (11 + (9 - (21 - 12)) + -30)
15
28 - (-23 + 22) - 78 - (-15 - -1)
-35
Evaluate -188 + 96 + 4 + 219.
131
Evaluate 140 + 112 + -297 + 116.
71
What is -39 + 34 + 17 - -24 - (4 + 2 - -2)?
28
Calculate 13 + -12 - (-63 + 1 - -1) - (-15897 + 15910).
49
What is the value of -23 - (56 - 80) - (0 - 27)?
28
What is the value of 12 - (-12 + 13) - ((-4 - -8 - 22) + -9)?
38
Evaluate 18 - 93 - (-24 - (-19 - -15)).
-55
What is the value of (-12 - -2 - 4) + 24 + -21 + (-1 - 13)?
-25
What is (-3 + -13 - -7) + -137 + 137?
-9
-14 + (-6 - -114) - 52
42
Calculate (-8 - -7 - 5 - 14) + (0 - -11).
-9
Evaluate (-39 - -7 - -65 - 30) + 4.
7
Calculate 223 + -239 - (-1 - 29).
14
-8 + (10 - -7 - (-77 + -9)) - (8 - -1)
86
(-1 - 31) + 0 + 123 + (-104 - 27)
-40
What is the value of 78 + -84 + (-25 + -15 - (-1 + 9))?
-54
What is -14 - (8 + 16 + (-35 - 21))?
18
Calculate 4 - (38 - 50) - -4 - (13 + 1).
6
1 + -26 + (118 - (95 + 4))
-6
What is 58 + 110 + -245 - -31?
-46
Calculate -9 - -6 - (-27 + 5 - -3) - -15.
31
What is the value of 25 - (-44 - (33 + -89))?
13
What is the value of -14 - (-33 + 8 + 14 + 5 + 43)?
-51
4 + (-7 - (-2 - (2 - 15))) + 10 - 61
-65
What is the value of -30 + (-23 - (1 - 26)) - -104?
76
Calculate 1 + 42 + 195 + -117 + -45.
76
What is the value of 274 + (-207 - -105) - 109?
63
-37 + (-8 - 34) - -42
-37
What is -84 + (29 - -109 - 28)?
26
What is the value of 10 - (-7 - (-41 - -10)) - 22 - 5?
-41
What is the value of (-441 - -400) + (27 - 0) + 44?
30
What is the value of (-1 - -1) + 2 + -5 + 7 + -9?
-5
What is the value of -2 + -2 - (11 - (-6 - (9 + 7)))?
-37
Calculate 8 - ((2 - 9) + 52 + -74).
37
-24 - -105 - (99 + -37)
19
Calculate -17 - ((-56 - (-29 + 41)) + -7).
58
Evaluate (-19 + 11 - 9) + 121 + -32.
72
What is (-17 - -9) + 64 + (1 - (-11 + -3))?
71
What is the value of 4 + -102 - -57 - 59?
-100
26 + 1 + 7 + -47 + 0
-13
Evaluate 11 + (-1 - (4 + -9)) + 2 - 8.
9
Evaluate (0 - (-5 + 16)) + (15 - (-3 + 4)).
3
What is the value of -69 + 0 - (184 + -361)?
108
135 - (-15 + (-38 - -274))
-86
Calculate -3 + (-10 + 36 - ((-15 - 11) + 12)).
37
Evaluate (6 - (-8 + 18)) + 13 - ((34 - 0) + 1).
-26
What is -112 + 3 + 4 - (-71 - -88 - 18)?
-104
What is the value of (546 - 568 - (1 - 28)) + (11 - -106)?
122
Calculate (1 - 6 - (3 + (1 - 6)) - 67) + 9.
-61
(-8 - -66) + 2 + 7 + -25
42
-1 + 110 + 0 - (-213 + 415 - 201)
108
What is the value of (29 - -22) + -117 + 88?
22
What is 4 + 0 + -81 + (-10 - -56) + 33?
2
Calculate -48 + 5 + 1 + -71 - (-3 + -7).
-103
Evaluate 6 + -10 - (-1 + -4 + 0) - (-69 + 28).
42
Calculate 41 + (85 - (-15 - -62)).
79
What is the value of 5 + 99 - (83 - 74 - 